{"id":1629,"date":"2016-09-24T19:48:00","date_gmt":"2016-09-24T19:48:00","guid":{"rendered":"http:\/\/cirugiaplasticagallega.es\/portal\/?page_id=1629"},"modified":"2017-02-28T12:21:11","modified_gmt":"2017-02-28T11:21:11","slug":"cirugia-mamaria","status":"publish","type":"page","link":"https:\/\/cirugiaplasticagallega.es\/portal\/cirugia-mamaria\/","title":{"rendered":"Cirug\u00eda mamaria"},"content":{"rendered":"<div class=\"esteticaTitulo\">\n<h1><img data-attachment-id=\"1851\" data-permalink=\"https:\/\/cirugiaplasticagallega.es\/portal\/cirugia-mamaria\/cirugiamamariacopia\/\" data-orig-file=\"https:\/\/cirugiaplasticagallega.es\/portal\/wp-content\/uploads\/2016\/09\/cirugiamamariacopia.jpg\" data-orig-size=\"1000,577\" data-comments-opened=\"0\" data-image-meta=\"{&quot;aperture&quot;:&quot;0&quot;,&quot;credit&quot;:&quot;&quot;,&quot;camera&quot;:&quot;&quot;,&quot;caption&quot;:&quot;&quot;,&quot;created_timestamp&quot;:&quot;0&quot;,&quot;copyright&quot;:&quot;&quot;,&quot;focal_length&quot;:&quot;0&quot;,&quot;iso&quot;:&quot;0&quot;,&quot;shutter_speed&quot;:&quot;0&quot;,&quot;title&quot;:&quot;&quot;,&quot;orientation&quot;:&quot;1&quot;}\" data-image-title=\"cirugiamamariacopia\" data-image-description=\"\" data-image-caption=\"\" data-medium-file=\"https:\/\/cirugiaplasticagallega.es\/portal\/wp-content\/uploads\/2016\/09\/cirugiamamariacopia-300x173.jpg\" data-large-file=\"https:\/\/cirugiaplasticagallega.es\/portal\/wp-content\/uploads\/2016\/09\/cirugiamamariacopia.jpg\" decoding=\"async\" loading=\"lazy\" class=\"aligncenter size-full wp-image-1851\" src=\"http:\/\/cirugiaplasticagallega.es\/portal\/wp-content\/uploads\/2016\/09\/cirugiamamariacopia.jpg\" alt=\"cirugiamamariacopia\" width=\"1000\" height=\"577\" srcset=\"https:\/\/cirugiaplasticagallega.es\/portal\/wp-content\/uploads\/2016\/09\/cirugiamamariacopia.jpg 1000w, https:\/\/cirugiaplasticagallega.es\/portal\/wp-content\/uploads\/2016\/09\/cirugiamamariacopia-300x173.jpg 300w, https:\/\/cirugiaplasticagallega.es\/portal\/wp-content\/uploads\/2016\/09\/cirugiamamariacopia-768x443.jpg 768w\" sizes=\"(max-width: 1000px) 100vw, 1000px\" \/>AUMENTO MAMARIO<\/h1>\n<\/div>\n<div class=\"esteticaTexto\">\n<p><strong>El aumento mamario o mamoplastia de aumento, es un procedimiento quir\u00fargico que trata de mejorar el tama\u00f1o y la forma del pecho de la mujer cuando existe un inadecuado volumen o forma tras el desarrollo puberal o debido a una involuci\u00f3n despu\u00e9s del embarazo.<\/strong> El aumento mamario tambi\u00e9n est\u00e1 indicado cuando existe una afectaci\u00f3n de la autoestima o psicol\u00f3gica sin que coexista una patolog\u00eda psiqui\u00e1trica subyacente. De esta forma intentamos mejorar su calidad de vida haciendo que la paciente se sienta mejor consigo misma.<\/p>\n<p>Existen distintos tipos de pr\u00f3tesis; unas son lisas, otras rugosas, con forma redonda o anat\u00f3mica (forma de gota). Actualmente las pr\u00f3tesis que se utilizan m\u00e1s frecuentemente son de silicona de alta cohesividad aunque tambi\u00e9n las hay de suero o de mucopolisac\u00e1ridos.<\/p>\n<p>Las incisiones se localizar\u00e1n en la areola, en el surco submamario o en la axila y las pr\u00f3tesis pueden ser implantadas en el plano suglandular, submuscular o subfascial. <strong>Su Cirujano le indicar\u00e1 qu\u00e9 tipo de pr\u00f3tesis y qu\u00e9 volumen es el m\u00e1s adecuado para usted, as\u00ed como el plano de implantaci\u00f3n.<\/strong><\/p>\n<\/div>\n<p>&nbsp;<\/p>\n<div class=\"esteticaTitulo\">\n<h1>REDUCCI\u00d3N MAMARIA<\/h1>\n<\/div>\n<div class=\"esteticaTexto\">\n<p><strong>La presencia de unas mamas excesivamente grandes conlleva habitualmente dolor, molestias y discomfort, as\u00ed como un deseo por parte de la paciente de tener una mejor apariencia.<\/strong><\/p>\n<p>Es uno de los actos quir\u00fargicos que cuenta con mayor n\u00famero de t\u00e9cnicas pero todas se basan en tres conceptos fundamentales; transposici\u00f3n de la areola y el pez\u00f3n, resecci\u00f3n de piel y eliminaci\u00f3n de tejido mamario glandular sobrante. Puede ser necesario utilizar t\u00e9cnicas distintas en cada caso y para cada mujer. En la primera consulta con su Cirujano Pl\u00e1stico \u00e9ste le indicar\u00e1 cual es la m\u00e1s apropiada para usted seg\u00fan sus caracter\u00edsticas y expectativas.<\/p>\n<div class=\"esteticaTitulo\">\n<h1>ELEVACI\u00d3N MAMARIA o Mastopexia<\/h1>\n<\/div>\n<div class=\"esteticaTexto\">\n<p><strong>El tratamiento de la ptosis o ca\u00edda de la mama depender\u00e1 del grado de la misma, de forma que a veces es suficiente con resecar piel alrededor de la areola para elevarla 1-2 cm; pero en otros ser\u00e1 preciso utilizar patrones similares a la reducci\u00f3n mamaria y colocar una pr\u00f3tesis que restituya el volumen del pecho, sobre todo del polo superior.<\/strong><\/p>\n<p>Puede ser necesario utilizar t\u00e9cnicas distintas en cada caso y para cada mujer. En la primera consulta con su Cirujano Pl\u00e1stico \u00e9ste le indicar\u00e1 cual es la m\u00e1s apropiada para usted seg\u00fan sus caracter\u00edsticas y expectativas.<\/p>\n<p><strong><a style=\"color: #003366;\" href=\"https:\/\/secpre.org\/\"><u>M\u00e1s informaci\u00f3n en SECPRE.<\/u><\/a><\/strong><\/p>\n<\/div>\n<\/div>\n","protected":false},"excerpt":{"rendered":"<p>AUMENTO MAMARIO El aumento mamario o mamoplastia de aumento, es un procedimiento quir\u00fargico que trata de mejorar el tama\u00f1o y la forma del pecho de la mujer cuando existe un inadecuado volumen o forma tras el desarrollo puberal o debido a una involuci\u00f3n despu\u00e9s del embarazo. El aumento mamario tambi\u00e9n est\u00e1 indicado cuando existe una &#8230;<\/p>\n","protected":false},"author":1,"featured_media":1725,"parent":0,"menu_order":0,"comment_status":"closed","ping_status":"closed","template":"","meta":{"jetpack_post_was_ever_published":false},"jetpack_sharing_enabled":true,"jetpack_shortlink":"https:\/\/wp.me\/P7TP32-qh","jetpack-related-posts":[{"id":1633,"url":"https:\/\/cirugiaplasticagallega.es\/portal\/remodelacion-corporal\/","url_meta":{"origin":1629,"position":0},"title":"Remodelaci\u00f3n corporal","date":"24 septiembre, 2016","format":false,"excerpt":"DERMOLIPECTOM\u00edA de MUSLOS: Conocida tambi\u00e9n como lifting de muslos o crural es una t\u00e9cnica parecida a la abdominoplastia pero aplicada al exceso de piel y grasa de las piernas. Cuando este exceso est\u00e1 limitado a la cara interna y anterior del muslo se puede emplazar la cicatriz en el pliegue\u2026","rel":"","context":"Entrada similar","img":{"alt_text":"","src":"https:\/\/i0.wp.com\/cirugiaplasticagallega.es\/portal\/wp-content\/uploads\/2016\/09\/cirugiaestetica-2.jpg?resize=350%2C200&ssl=1","width":350,"height":200},"classes":[]},{"id":1643,"url":"https:\/\/cirugiaplasticagallega.es\/portal\/procesos-auxiliares\/","url_meta":{"origin":1629,"position":1},"title":"Procesos auxiliares","date":"24 septiembre, 2016","format":false,"excerpt":"A. RESURFACING CUT\u00c1NEO: La edad, la exposici\u00f3n solar, le herencia y aspectos como la nutrici\u00f3n (alcohol y tabaco) son factores que pueden contribuir a la aparici\u00f3n paulatina de las arrugas. Del mismo modo cambios en la pigmentaci\u00f3n de la piel (cloasmas o manchas marron\u00e1ceas que aparecen con la edad o\u2026","rel":"","context":"Entrada similar","img":{"alt_text":"","src":"https:\/\/i0.wp.com\/cirugiaplasticagallega.es\/portal\/wp-content\/uploads\/2016\/09\/cirugiaestetica-2.jpg?resize=350%2C200&ssl=1","width":350,"height":200},"classes":[]},{"id":1581,"url":"https:\/\/cirugiaplasticagallega.es\/portal\/reconstruccion-mamaria\/","url_meta":{"origin":1629,"position":2},"title":"Reconstrucci\u00f3n mamaria","date":"22 septiembre, 2016","format":false,"excerpt":"Es un acto quir\u00fargico que suele realizarse como consecuencia de una mastectom\u00eda por la presencia de un c\u00e1ncer en la mujer; aunque no es su \u00fanica causa. En ocasiones es necesario intervenir para reparar una agresi\u00f3n, accidente o quemadura, o en deformidades existentes desde el nacimiento o del desarrollo puberal.\u2026","rel":"","context":"Entrada similar","img":{"alt_text":"","src":"https:\/\/i0.wp.com\/cirugiaplasticagallega.es\/portal\/wp-content\/uploads\/2016\/09\/cirugiareparadora.jpg?resize=350%2C200&ssl=1","width":350,"height":200},"classes":[]},{"id":1472,"url":"https:\/\/cirugiaplasticagallega.es\/portal\/que-hacemos\/","url_meta":{"origin":1629,"position":3},"title":"\u00bfqu\u00e9 hacemos?","date":"15 septiembre, 2016","format":false,"excerpt":"\u00bfQu\u00e9 hacemos en la SGCPRE? La Cirug\u00eda Pl\u00e1stica, Reparadora y Est\u00e9tica es una rama de la Cirug\u00eda que se ocupa de la correcci\u00f3n de todo proceso cong\u00e9nito, adquirido, tumoral o simplemente involutivo, que requiera reparaci\u00f3n o reposici\u00f3n de estructuras, o que afecte a la forma y\/o funci\u00f3n corporal. No presenta,\u2026","rel":"","context":"Entrada similar","img":{"alt_text":"","src":"https:\/\/i0.wp.com\/cirugiaplasticagallega.es\/portal\/wp-content\/uploads\/2016\/09\/quehacemos.jpg?resize=350%2C200&ssl=1","width":350,"height":200},"classes":[]},{"id":1585,"url":"https:\/\/cirugiaplasticagallega.es\/portal\/tumores-cutaneos-melanoma\/","url_meta":{"origin":1629,"position":4},"title":"Tumores cut\u00e1neos: melanoma","date":"23 septiembre, 2016","format":false,"excerpt":"Los tumores cu\u00e1neos son resultado del ac\u00famulo de c\u00e9lulas at\u00edpicas en la piel. Esto puede ocurrir con el paso del tiempo o ya desde el nacimiento. En la mayor\u00eda de los casos estas formaciones cut\u00e1neas no son cancerosas y se consideran benignas. Pero en ocasiones existe un crecimiento descontrolado y\u2026","rel":"","context":"Entrada similar","img":{"alt_text":"","src":"https:\/\/i0.wp.com\/cirugiaplasticagallega.es\/portal\/wp-content\/uploads\/2016\/09\/cirugiareparadora.jpg?resize=350%2C200&ssl=1","width":350,"height":200},"classes":[]},{"id":1635,"url":"https:\/\/cirugiaplasticagallega.es\/portal\/rinoplastia\/","url_meta":{"origin":1629,"position":5},"title":"Rinoplastia","date":"24 septiembre, 2016","format":false,"excerpt":"Es una de las intervenciones m\u00e1s frecuentes en Cirug\u00eda Pl\u00e1stica que consiste en remodelar la nariz. Se trata de una de las cirug\u00edas m\u00e1s t\u00e9cnicas y, por tanto, requiere de una formaci\u00f3n espec\u00edfica en una especialidad quir\u00fargica. Puede reducir o aumentar el tama\u00f1o de la nariz, cambiar la forma de\u2026","rel":"","context":"Entrada similar","img":{"alt_text":"","src":"https:\/\/i0.wp.com\/cirugiaplasticagallega.es\/portal\/wp-content\/uploads\/2016\/09\/cirugiaestetica-2.jpg?resize=350%2C200&ssl=1","width":350,"height":200},"classes":[]}],"jetpack_likes_enabled":true,"_links":{"self":[{"href":"https:\/\/cirugiaplasticagallega.es\/portal\/wp-json\/wp\/v2\/pages\/1629"}],"collection":[{"href":"https:\/\/cirugiaplasticagallega.es\/portal\/wp-json\/wp\/v2\/pages"}],"about":[{"href":"https:\/\/cirugiaplasticagallega.es\/portal\/wp-json\/wp\/v2\/types\/page"}],"author":[{"embeddable":true,"href":"https:\/\/cirugiaplasticagallega.es\/portal\/wp-json\/wp\/v2\/users\/1"}],"replies":[{"embeddable":true,"href":"https:\/\/cirugiaplasticagallega.es\/portal\/wp-json\/wp\/v2\/comments?post=1629"}],"version-history":[{"count":6,"href":"https:\/\/cirugiaplasticagallega.es\/portal\/wp-json\/wp\/v2\/pages\/1629\/revisions"}],"predecessor-version":[{"id":1974,"href":"https:\/\/cirugiaplasticagallega.es\/portal\/wp-json\/wp\/v2\/pages\/1629\/revisions\/1974"}],"wp:featuredmedia":[{"embeddable":true,"href":"https:\/\/cirugiaplasticagallega.es\/portal\/wp-json\/wp\/v2\/media\/1725"}],"wp:attachment":[{"href":"https:\/\/cirugiaplasticagallega.es\/portal\/wp-json\/wp\/v2\/media?parent=1629"}],"curies":[{"name":"wp","href":"https:\/\/api.w.org\/{rel}","templated":true}]}}