{"id":2062,"date":"2017-04-25T19:59:38","date_gmt":"2017-04-25T17:59:38","guid":{"rendered":"http:\/\/cirugiaplasticagallega.es\/portal\/?page_id=2062"},"modified":"2017-05-15T13:26:15","modified_gmt":"2017-05-15T11:26:15","slug":"dra-paloma-lage-bouzamayor","status":"publish","type":"page","link":"http:\/\/cirugiaplasticagallega.es\/portal\/dra-paloma-lage-bouzamayor\/","title":{"rendered":"Dra. Paloma Lage Bouzamayor"},"content":{"rendered":"<h3 style=\"text-align: left;\"><strong><img data-attachment-id=\"2065\" data-permalink=\"http:\/\/cirugiaplasticagallega.es\/portal\/dra-paloma-lage-bouzamayor\/doctorapalomacirculo\/\" data-orig-file=\"http:\/\/cirugiaplasticagallega.es\/portal\/wp-content\/uploads\/2017\/04\/doctorapalomacirculo-1.png\" data-orig-size=\"300,300\" data-comments-opened=\"0\" data-image-meta=\"{&quot;aperture&quot;:&quot;0&quot;,&quot;credit&quot;:&quot;&quot;,&quot;camera&quot;:&quot;&quot;,&quot;caption&quot;:&quot;&quot;,&quot;created_timestamp&quot;:&quot;0&quot;,&quot;copyright&quot;:&quot;&quot;,&quot;focal_length&quot;:&quot;0&quot;,&quot;iso&quot;:&quot;0&quot;,&quot;shutter_speed&quot;:&quot;0&quot;,&quot;title&quot;:&quot;&quot;,&quot;orientation&quot;:&quot;0&quot;}\" data-image-title=\"doctorapalomacirculo\" data-image-description=\"\" data-image-caption=\"\" data-medium-file=\"http:\/\/cirugiaplasticagallega.es\/portal\/wp-content\/uploads\/2017\/04\/doctorapalomacirculo-1.png\" data-large-file=\"http:\/\/cirugiaplasticagallega.es\/portal\/wp-content\/uploads\/2017\/04\/doctorapalomacirculo-1.png\" decoding=\"async\" loading=\"lazy\" class=\"size-full wp-image-2065 alignright\" src=\"http:\/\/cirugiaplasticagallega.es\/portal\/wp-content\/uploads\/2017\/04\/doctorapalomacirculo-1.png\" alt=\"\" width=\"300\" height=\"300\" srcset=\"http:\/\/cirugiaplasticagallega.es\/portal\/wp-content\/uploads\/2017\/04\/doctorapalomacirculo-1.png 300w, http:\/\/cirugiaplasticagallega.es\/portal\/wp-content\/uploads\/2017\/04\/doctorapalomacirculo-1-150x150.png 150w, http:\/\/cirugiaplasticagallega.es\/portal\/wp-content\/uploads\/2017\/04\/doctorapalomacirculo-1-80x80.png 80w, http:\/\/cirugiaplasticagallega.es\/portal\/wp-content\/uploads\/2017\/04\/doctorapalomacirculo-1-50x50.png 50w\" sizes=\"(max-width: 300px) 100vw, 300px\" \/>Dra. Paloma Lage Bouzamayor\u00a0<\/strong><\/h3>\n<p style=\"text-align: left;\"><strong>Provincias de actuaci\u00f3n<\/strong> : La Coru\u00f1a<\/p>\n<p style=\"text-align: left;\"><strong>Correo Electr\u00f3nico\u00a0<\/strong>:\u00a0<span class=\"s1\">clinica@palomalagebouzamayor.com<\/span><\/p>\n<p style=\"text-align: left;\"><strong>P\u00e1gina Web<\/strong> :\u00a0<a href=\"http:\/\/palomalagebouzamayor.com\">http:\/\/palomalagebouzamayor.com<\/a><\/p>\n<p style=\"text-align: left;\"><strong>Tel\u00e9fono Profesional<\/strong> : \u00a0<span class=\"s1\">981552200<\/span><\/p>\n<p style=\"text-align: left;\"><strong>Direcci\u00f3n de la consulta\/s\u00a0<\/strong>:<span style=\"color: #003366;\"><strong>\u00a0Cl\u00ednica LageBouzamayor<\/strong><\/span>\u00a0&#8211;\u00a0<span class=\"s1\">Hospital Nuestra Se\u00f1ora de la Esperanza,\u00a0<\/span><span class=\"s1\">Avda de las Burgas, n\u00ba2 &#8211; 15705 (Santiago de Compostela).<\/span><\/p>\n<p style=\"text-align: left;\"><b>Breve CV<\/b> :<\/p>\n<p class=\"p1\" style=\"text-align: left;\">\u00a0 \u00a0 \u00a0 \u00a0 \u00a0 \u00a0. <span style=\"color: #003366;\"><strong>Licenciada<\/strong><\/span>\u00a0en Medicina y Cirug\u00eda General por Universidad de Santiago Compostela en el a\u00f1o 1990 .<\/p>\n<p class=\"p1\" style=\"text-align: left;\">\u00a0 \u00a0 \u00a0 \u00a0 \u00a0 \u00a0. <strong><span style=\"color: #003366;\">M\u00e9dico especialista<\/span><\/strong> en Cirug\u00eda Pl\u00e1stica, Reparadora y Est\u00e9tica v\u00eda MIR en Hospital CHUS (Santiago de Compostela) a\u00f1o 1999.<\/p>\n<p class=\"p1\" style=\"text-align: left;\">\u00a0 \u00a0 \u00a0 \u00a0 \u00a0 \u00a0. <span style=\"color: #003366;\"><strong>Actividad actual privada y\/o p\u00fablica :<\/strong><\/span>\u00a0Desde el a\u00f1o 1999\u00a0Actividad en Sanidad Privada como m\u00e9dico especialista. Desde 2001\u00a0Actividad en Sanidad P\u00fablica como m\u00e9dico especialista en el Servicio de Cirug\u00eda Pl\u00e1stica del\u00a0Complejo Hospitalario Universitario de Santiago de Compostela.<\/p>\n<p class=\"p1\" style=\"text-align: left;\">\u00a0 \u00a0 \u00a0 \u00a0 \u00a0 \u00a0. <span style=\"color: #003366;\"><strong>Sociedades cient\u00edficas :<\/strong><\/span>\u00a0SGCPRE,\u00a0SECPRE,\u00a0FILACP,\u00a0IPRAS.<\/p>\n<p style=\"text-align: left;\"><strong>LinkedIn :\u00a0<\/strong><a href=\"https:\/\/es.linkedin.com\/in\/paloma-lage-bouzamayor-67b40b53\"><u>https:\/\/es.linkedin.com\/in\/paloma-lage-bouzamayor-67b40b53<\/u><\/a><\/p>\n","protected":false},"excerpt":{"rendered":"<p>Dra. Paloma Lage Bouzamayor\u00a0 Provincias de actuaci\u00f3n : La Coru\u00f1a Correo Electr\u00f3nico\u00a0:\u00a0clinica@palomalagebouzamayor.com P\u00e1gina Web :\u00a0http:\/\/palomalagebouzamayor.com Tel\u00e9fono Profesional : \u00a0981552200 Direcci\u00f3n de la consulta\/s\u00a0:\u00a0Cl\u00ednica LageBouzamayor\u00a0&#8211;\u00a0Hospital Nuestra Se\u00f1ora de la Esperanza,\u00a0Avda de las Burgas, n\u00ba2 &#8211; 15705 (Santiago de Compostela). Breve CV : \u00a0 \u00a0 \u00a0 \u00a0 \u00a0 \u00a0. Licenciada\u00a0en Medicina y Cirug\u00eda General por Universidad de &#8230;<\/p>\n","protected":false},"author":1,"featured_media":1982,"parent":0,"menu_order":0,"comment_status":"closed","ping_status":"closed","template":"","meta":{"jetpack_post_was_ever_published":false},"jetpack_sharing_enabled":true,"jetpack_shortlink":"https:\/\/wp.me\/P7TP32-xg","jetpack-related-posts":[{"id":1997,"url":"http:\/\/cirugiaplasticagallega.es\/portal\/localiza-tu-medico-a-coruna\/","url_meta":{"origin":2062,"position":0},"title":"Localiza tu m\u00e9dico &#8211; A Coru\u00f1a","date":"10 marzo, 2017","format":false,"excerpt":"A Coru\u00f1a Dr. \u00c1lvarez Jorge, \u00c1ngel Dra. Brea Garc\u00eda, Beatriz\u00a0 Dr. Couto Gonz\u00e1lez,\u00a0Iv\u00e1n\u00a0 Dr. Garc\u00eda Barreiro,\u00a0Juan Javier Dra.Gonz\u00e1lez Rodr\u00edguez,\u00a0Alba Dra. Iglesias Mec\u00edas, Concepci\u00f3n Dra. Lage Bouzamayor,\u00a0Paloma Dra. Lopez Suso,\u00a0Mar\u00eda Eugenia Dr. Mor\u00e1n Montepeque, Juan Luis Dr. Pacheco Compa\u00f1a,\u00a0Francisco Javier Dra. Pinal Goberna,\u00a0M\u00ba Rosario\u00a0 Dr. Quetglas Marim\u00f3n,\u00a0Alfonso\u00a0 Dra. S\u00e1nchez Lagarejo, M\u00aa\u2026","rel":"","context":"Entrada similar","img":{"alt_text":"","src":"https:\/\/i0.wp.com\/cirugiaplasticagallega.es\/portal\/wp-content\/uploads\/2017\/03\/Localiza-tu-medico.jpg?resize=350%2C200","width":350,"height":200},"classes":[]},{"id":2304,"url":"http:\/\/cirugiaplasticagallega.es\/portal\/dra-concepcion-iglesias-mecias\/","url_meta":{"origin":2062,"position":1},"title":"Dra. Concepci\u00f3n Iglesias Mec\u00edas","date":"10 enero, 2018","format":false,"excerpt":"Dra. Concepci\u00f3n Iglesias Mec\u00edas Provincias de actuaci\u00f3n : A Coru\u00f1a Correo Electr\u00f3nico\u00a0:\u00a0cimecias@secpre.org P\u00e1gina Web :\u00a0www.draiglesiasmecias.com Tel\u00e9fono Profesional : 981599415\u00a0 Direcci\u00f3n de la consulta\/s\u00a0:\u00a0Cl\u00ednica Dra. Iglesias Mec\u00edas\u00a0-C\/ Montero R\u00edos 12-3\u00baA- \u00a015.701 (Santiago de Compostela). Breve CV : \u00a0 \u00a0 \u00a0 \u00a0 \u00a0 \u00a0. Licenciado\u00a0en Medicina y Cirug\u00eda General por Universidad de\u2026","rel":"","context":"Entrada similar","img":{"alt_text":"","src":"","width":0,"height":0},"classes":[]},{"id":2395,"url":"http:\/\/cirugiaplasticagallega.es\/portal\/dra-margarita-marina-novoa-rodriguez\/","url_meta":{"origin":2062,"position":2},"title":"Dra. Margarita Marina N\u00f3voa Rodr\u00edguez","date":"19 diciembre, 2018","format":false,"excerpt":"Dra. Margarita Marina N\u00f3voa Rodr\u00edguez\u00a0 Provincias de actuaci\u00f3n : Pontevedra Correo Electr\u00f3nico\u00a0: clinica@mnovplastica.com P\u00e1gina Web :\u00a0http:\/\/www.mnovplastica.com Tel\u00e9fono Profesional : 986439491 \/ 613276815 Direcci\u00f3n de la consulta\/s\u00a0: \u00a0 \u00a0 \u00a0 \u00a0 \u00a0 \u00a0 \u00a0Cl\u00ednica Marga N\u00f3voa - Calle Lepanto 13 - 36201\u00a0 Vigo (Pontevedra) \u00a0 \u00a0 \u00a0 \u00a0 \u00a0 \u00a0 Hospital\u2026","rel":"","context":"Entrada similar","img":{"alt_text":"","src":"https:\/\/i0.wp.com\/cirugiaplasticagallega.es\/portal\/wp-content\/uploads\/2018\/12\/doctoramargaritanovoa.png?resize=350%2C200","width":350,"height":200},"classes":[]},{"id":2042,"url":"http:\/\/cirugiaplasticagallega.es\/portal\/dra-ma-rosario-pinal-goberna\/","url_meta":{"origin":2062,"position":3},"title":"Dra. M\u00aa Rosario Pinal Goberna","date":"24 abril, 2017","format":false,"excerpt":"Dra. M\u00aa Rosario Pinal Goberna Provincias de actuaci\u00f3n : La Coru\u00f1a Correo Electr\u00f3nico\u00a0:\u00a0info@clinicatrincadopinal.com P\u00e1gina Web :\u00a0http:\/\/www.clinicatrincadopinal.com Tel\u00e9fono Profesional :\u00a0981288728 Direcci\u00f3n de la consulta\/s\u00a0: \u00a0Cl\u00ednica Trincado&Pinal\u00a0- Avda. Oza 49 1\u00b0D 15006 A Coru\u00f1a. Breve CV : \u00a0 \u00a0 \u00a0 \u00a0 \u00a0 \u00a0. Licenciada\u00a0en Medicina y Cirug\u00eda General por\u00a0Universidad de Santiago de\u2026","rel":"","context":"Entrada similar","img":{"alt_text":"","src":"https:\/\/i0.wp.com\/cirugiaplasticagallega.es\/portal\/wp-content\/uploads\/2017\/03\/Localiza-tu-medico.jpg?resize=350%2C200","width":350,"height":200},"classes":[]},{"id":1988,"url":"http:\/\/cirugiaplasticagallega.es\/portal\/dra-maria-jesus-alvarez-alvarez\/","url_meta":{"origin":2062,"position":4},"title":"Dra. Mar\u00eda Jes\u00fas \u00c1lvarez \u00c1lvarez","date":"10 marzo, 2017","format":false,"excerpt":"Dra. Mar\u00eda Jes\u00fas \u00c1lvarez \u00c1lvarez Provincias de actuaci\u00f3n : Lugo y Pontevedra Correo Electr\u00f3nico\u00a0:\u00a0infoclinica@alvarezyasociados.com P\u00e1gina Web :\u00a0http:\/\/www.alvarezyasociados.com Tel\u00e9fono Profesional :\u00a0982 812 622 Direcci\u00f3n de la consulta\/s\u00a0: \u00a0 \u00a0 \u00a0 \u00a0 \u00a0 \u00a0 \u00a0Cl\u00ednica \u00c1lvarez y asociados\u00a0- Calle Doutor Ya\u00f1ez Rebolo, 8 Bajo -27004 (Lugo) \u00a0 \u00a0 \u00a0 \u00a0 \u00a0 \u00a0\u2026","rel":"","context":"Entrada similar","img":{"alt_text":"","src":"https:\/\/i0.wp.com\/cirugiaplasticagallega.es\/portal\/wp-content\/uploads\/2017\/03\/Localiza-tu-medico.jpg?resize=350%2C200","width":350,"height":200},"classes":[]},{"id":2206,"url":"http:\/\/cirugiaplasticagallega.es\/portal\/dra-elena-gonzalez-rodriguez\/","url_meta":{"origin":2062,"position":5},"title":"Dra. Elena Gonz\u00e1lez Rodr\u00edguez","date":"1 octubre, 2017","format":false,"excerpt":"Dra. Elena Gonz\u00e1lez Rodr\u00edguez Provincias de actuaci\u00f3n\u00a0: Pontevedra Correo Electr\u00f3nico\u00a0: elenagr@secpre.org Tel\u00e9fono Profesional\u00a0: 986114000 Direcci\u00f3n de la consulta\/s\u00a0:\u00a0Cl\u00ednica Santander S.L.\u00a0-\u00a0Calle Urzaiz 27 - 3\u00ba A-B, 36201 (Vigo). Breve CV\u00a0: \u00a0 \u00a0 \u00a0 \u00a0 \u00a0 \u00a0.\u00a0Licenciada\u00a0en Medicina por la Universidad de Santiago de Compostela en el a\u00f1o 2010 . \u00a0 \u00a0\u2026","rel":"","context":"Entrada similar","img":{"alt_text":"","src":"https:\/\/i0.wp.com\/cirugiaplasticagallega.es\/portal\/wp-content\/uploads\/2017\/10\/doctoragonzalezcirculo.png?resize=350%2C200","width":350,"height":200},"classes":[]}],"jetpack_likes_enabled":true,"_links":{"self":[{"href":"http:\/\/cirugiaplasticagallega.es\/portal\/wp-json\/wp\/v2\/pages\/2062"}],"collection":[{"href":"http:\/\/cirugiaplasticagallega.es\/portal\/wp-json\/wp\/v2\/pages"}],"about":[{"href":"http:\/\/cirugiaplasticagallega.es\/portal\/wp-json\/wp\/v2\/types\/page"}],"author":[{"embeddable":true,"href":"http:\/\/cirugiaplasticagallega.es\/portal\/wp-json\/wp\/v2\/users\/1"}],"replies":[{"embeddable":true,"href":"http:\/\/cirugiaplasticagallega.es\/portal\/wp-json\/wp\/v2\/comments?post=2062"}],"version-history":[{"count":3,"href":"http:\/\/cirugiaplasticagallega.es\/portal\/wp-json\/wp\/v2\/pages\/2062\/revisions"}],"predecessor-version":[{"id":2067,"href":"http:\/\/cirugiaplasticagallega.es\/portal\/wp-json\/wp\/v2\/pages\/2062\/revisions\/2067"}],"wp:featuredmedia":[{"embeddable":true,"href":"http:\/\/cirugiaplasticagallega.es\/portal\/wp-json\/wp\/v2\/media\/1982"}],"wp:attachment":[{"href":"http:\/\/cirugiaplasticagallega.es\/portal\/wp-json\/wp\/v2\/media?parent=2062"}],"curies":[{"name":"wp","href":"https:\/\/api.w.org\/{rel}","templated":true}]}}