{"id":1523,"date":"2016-09-22T21:02:38","date_gmt":"2016-09-22T21:02:38","guid":{"rendered":"http:\/\/cirugiaplasticagallega.es\/portal\/?page_id=1523"},"modified":"2016-09-30T00:22:45","modified_gmt":"2016-09-29T22:22:45","slug":"hospitales","status":"publish","type":"page","link":"http:\/\/cirugiaplasticagallega.es\/portal\/hospitales\/","title":{"rendered":"Hospitales"},"content":{"rendered":"<h1 class=\"hospitales_texto_titulo\"><img data-attachment-id=\"1528\" data-permalink=\"http:\/\/cirugiaplasticagallega.es\/portal\/hospitales\/banner_hospitales-2\/\" data-orig-file=\"http:\/\/cirugiaplasticagallega.es\/portal\/wp-content\/uploads\/2016\/09\/banner_hospitales-1.jpg\" data-orig-size=\"1024,542\" data-comments-opened=\"1\" data-image-meta=\"{&quot;aperture&quot;:&quot;0&quot;,&quot;credit&quot;:&quot;&quot;,&quot;camera&quot;:&quot;&quot;,&quot;caption&quot;:&quot;&quot;,&quot;created_timestamp&quot;:&quot;0&quot;,&quot;copyright&quot;:&quot;&quot;,&quot;focal_length&quot;:&quot;0&quot;,&quot;iso&quot;:&quot;0&quot;,&quot;shutter_speed&quot;:&quot;0&quot;,&quot;title&quot;:&quot;&quot;,&quot;orientation&quot;:&quot;0&quot;}\" data-image-title=\"banner_hospitales\" data-image-description=\"\" data-image-caption=\"\" data-medium-file=\"http:\/\/cirugiaplasticagallega.es\/portal\/wp-content\/uploads\/2016\/09\/banner_hospitales-1-300x159.jpg\" data-large-file=\"http:\/\/cirugiaplasticagallega.es\/portal\/wp-content\/uploads\/2016\/09\/banner_hospitales-1-1024x542.jpg\" decoding=\"async\" loading=\"lazy\" class=\"aligncenter size-full wp-image-1528\" src=\"http:\/\/cirugiaplasticagallega.es\/portal\/wp-content\/uploads\/2016\/09\/banner_hospitales-1.jpg\" alt=\"banner_hospitales\" width=\"1024\" height=\"542\" srcset=\"http:\/\/cirugiaplasticagallega.es\/portal\/wp-content\/uploads\/2016\/09\/banner_hospitales-1.jpg 1024w, http:\/\/cirugiaplasticagallega.es\/portal\/wp-content\/uploads\/2016\/09\/banner_hospitales-1-300x159.jpg 300w, http:\/\/cirugiaplasticagallega.es\/portal\/wp-content\/uploads\/2016\/09\/banner_hospitales-1-768x407.jpg 768w\" sizes=\"(max-width: 1024px) 100vw, 1024px\" \/><\/h1>\n<h1 class=\"hospitales_texto_titulo\">Hospitales<\/h1>\n<p class=\"hospitales_texto_titulo2\">\u00bfQu\u00e9 intervenciones de Cirug\u00eda Pl\u00e1stica se realizan en los hospitales de la Seguridad Social?<\/p>\n<p class=\"hospitales_texto\">El SERGAS sufraga intervenciones de Cirug\u00eda Pl\u00e1stica y Reparadora, pero no procesos de Cirug\u00eda Est\u00e9tica. La Cirug\u00eda Est\u00e9tica, a diferencia de la Cirug\u00eda Reparadora, no est\u00e1 incluida en el cat\u00e1logo de prestaciones de la Seguridad Social. Si desea saber qu\u00e9 tipo de intervenciones efect\u00faan los Cirujanos Pl\u00e1sticos en un hospital p\u00fablico se lo explicamos en el apartado <strong>\u00bfqu\u00e9 hacemos?<\/strong><\/p>\n<p class=\"hospitales_texto\"><strong>\u00bfQu\u00e9 debo hacer para acudir a una consulta de Cirug\u00eda Pl\u00e1stica de un hospital p\u00fablico?<\/strong><br \/>\nLo primero que debe hacer es acudir a su M\u00e9dico de Familia o cabecera. \u00c9l le asesorar\u00e1 si realmente est\u00e1 indicada la interconsulta con el Cirujano Pl\u00e1stico, en cuyo caso le dar\u00e1 un volante con el que podr\u00e1 pedir cita en el Hospital que le corresponda.<\/p>\n<p class=\"hospitales_texto\"><strong>\u00bfQu\u00e9 hospitales cuentan con servicios de Cirug\u00eda Pl\u00e1stica?<\/strong><br \/>\nEn Galicia existen cinco Servicios de Cirug\u00eda Pl\u00e1stica y Reparadora que atienden pacientes de la Seguridad Social. Se encuentran en los siguientes hospitales:<\/p>\n<ul class=\"hospitales_listaCentros\">\n<li><a href=\"http:\/\/hospitalcoruna.sergas.es\/\" target=\"_blank\">Hospital de A Coru\u00f1a (CHUAC).<\/a><\/li>\n<li><a href=\"http:\/\/xxilugo.sergas.es\/Paxinas\/web.aspx?tipo=paxtab&amp;idLista=3&amp;idContido=7&amp;migtab=7&amp;idioma=es\">Hospital de Lugo (HULA).<\/a><\/li>\n<li><a href=\"http:\/\/chusantiago.sergas.es\/\" target=\"_blank\">Hospital Cl\u00ednico de Santiago (CHUS).<\/a><\/li>\n<li><a href=\"http:\/\/chuvi.sergas.es\/\" target=\"_blank\">Hospital Mexoeiro de Vigo (CHUVI).<\/a><\/li>\n<li><a href=\"http:\/\/povisa.es\" target=\"_blank\">Hospital POVISA de Vigo.<\/a><\/li>\n<li><a href=\"http:\/\/novohospitalvigo.sergas.es\/Paxinas\/Portada.aspx\">Hospital \u00c1lvaro Cunqueiro de Vigo.<\/a><\/li>\n<\/ul>\n","protected":false},"excerpt":{"rendered":"<p>Hospitales \u00bfQu\u00e9 intervenciones de Cirug\u00eda Pl\u00e1stica se realizan en los hospitales de la Seguridad Social? El SERGAS sufraga intervenciones de Cirug\u00eda Pl\u00e1stica y Reparadora, pero no procesos de Cirug\u00eda Est\u00e9tica. La Cirug\u00eda Est\u00e9tica, a diferencia de la Cirug\u00eda Reparadora, no est\u00e1 incluida en el cat\u00e1logo de prestaciones de la Seguridad Social. Si desea saber qu\u00e9 &#8230;<\/p>\n","protected":false},"author":1,"featured_media":1882,"parent":0,"menu_order":0,"comment_status":"closed","ping_status":"closed","template":"","meta":{"jetpack_post_was_ever_published":false},"jetpack_sharing_enabled":true,"jetpack_shortlink":"https:\/\/wp.me\/P7TP32-oz","jetpack-related-posts":[{"id":1469,"url":"http:\/\/cirugiaplasticagallega.es\/portal\/cirugia-plastica-y-reparadora\/","url_meta":{"origin":1523,"position":0},"title":"Cirug\u00eda Pl\u00e1stica y Reparadora","date":"15 septiembre, 2016","format":false,"excerpt":"La Cirug\u00eda Pl\u00e1stica y Reparadora El Cirujano Pl\u00e1stico, Reparador y Est\u00e9tico es un Licenciado en Medicina y Cirug\u00eda (6 a\u00f1os) que supera un examen-oposici\u00f3n a nivel nacional para obtener un puesto con la debida formaci\u00f3n pr\u00e1ctica durante 5 a\u00f1os de especializaci\u00f3n en un Hospital acreditado v\u00eda M.I.R., que realiza intervenciones\u2026","rel":"","context":"Entrada similar","img":{"alt_text":"","src":"https:\/\/i0.wp.com\/cirugiaplasticagallega.es\/portal\/wp-content\/uploads\/2016\/09\/cirugiareparadora.jpg?resize=350%2C200","width":350,"height":200},"classes":[]},{"id":1519,"url":"http:\/\/cirugiaplasticagallega.es\/portal\/historia\/","url_meta":{"origin":1523,"position":1},"title":"Historia","date":"22 septiembre, 2016","format":false,"excerpt":"La Sociedad Gallega de Cirug\u00eda Pl\u00e1stica, Reparadora y Est\u00e9tica (SGCPRE) es una Sociedad M\u00e9dica y Cient\u00edfica constituida en el a\u00f1o 1987. El principal objetivo de la sociedad es mejorar la calidad de asistencia incidiendo en la formaci\u00f3n, la \u00e9tica profesional, la pr\u00e1ctica cl\u00ednica y la investigaci\u00f3n en el terreno de\u2026","rel":"","context":"Entrada similar","img":{"alt_text":"","src":"https:\/\/i0.wp.com\/cirugiaplasticagallega.es\/portal\/wp-content\/uploads\/2016\/09\/Imagen-final-historia.jpg?resize=350%2C200","width":350,"height":200},"classes":[]},{"id":1472,"url":"http:\/\/cirugiaplasticagallega.es\/portal\/que-hacemos\/","url_meta":{"origin":1523,"position":2},"title":"\u00bfqu\u00e9 hacemos?","date":"15 septiembre, 2016","format":false,"excerpt":"\u00bfQu\u00e9 hacemos en la SGCPRE? La Cirug\u00eda Pl\u00e1stica, Reparadora y Est\u00e9tica es una rama de la Cirug\u00eda que se ocupa de la correcci\u00f3n de todo proceso cong\u00e9nito, adquirido, tumoral o simplemente involutivo, que requiera reparaci\u00f3n o reposici\u00f3n de estructuras, o que afecte a la forma y\/o funci\u00f3n corporal. No presenta,\u2026","rel":"","context":"Entrada similar","img":{"alt_text":"","src":"https:\/\/i0.wp.com\/cirugiaplasticagallega.es\/portal\/wp-content\/uploads\/2016\/09\/quehacemos.jpg?resize=350%2C200","width":350,"height":200},"classes":[]},{"id":2565,"url":"http:\/\/cirugiaplasticagallega.es\/portal\/xxxv-reunion-sociedad-gallega-de-cirugia-plastica-reparadora-y-estetica\/","url_meta":{"origin":1523,"position":3},"title":"XXXV Reunio\u0301n Sociedad Gallega de  Cirugi\u0301a Pla\u0301stica Reparadora y Este\u0301tica","date":"2 noviembre, 2021","format":false,"excerpt":"","rel":"","context":"Entrada similar","img":{"alt_text":"","src":"https:\/\/i0.wp.com\/cirugiaplasticagallega.es\/portal\/wp-content\/uploads\/2021\/11\/22063scr_94c9dd695a88e5d.jpeg?resize=350%2C200","width":350,"height":200},"classes":[]},{"id":2071,"url":"http:\/\/cirugiaplasticagallega.es\/portal\/dr-juan-ramon-sanz-gimenez-rico\/","url_meta":{"origin":1523,"position":4},"title":"Dr. Juan Ram\u00f3n Sanz Gim\u00e9nez-Rico","date":"26 abril, 2017","format":false,"excerpt":"Dr. Juan Ram\u00f3n Sanz Gim\u00e9nez-Rico\u00a0 Provincias de actuaci\u00f3n :\u00a0Santander y Valladolid. Correo Electr\u00f3nico\u00a0: informacion@plasticadrsanz.com P\u00e1gina Web : www.plasticadrsanz.com Tel\u00e9fonos y datos de contacto por sede : SANTANDER (CANTABRIA) Tel\u00e9fono: 942 037 404 WhatsApp: (+34) 666 00 77 77 Direcci\u00f3n: C\/ Calvo Sotelo 17, 1\u00ba \u2013 39002 Santander Email: informacion@plasticadrsanz.com VALLADOLID\u2026","rel":"","context":"Entrada similar","img":{"alt_text":"","src":"https:\/\/i0.wp.com\/cirugiaplasticagallega.es\/portal\/wp-content\/uploads\/2017\/03\/Localiza-tu-medico.jpg?resize=350%2C200","width":350,"height":200},"classes":[]},{"id":2035,"url":"http:\/\/cirugiaplasticagallega.es\/portal\/dr-ivan-couto-gonzalez\/","url_meta":{"origin":1523,"position":5},"title":"Dr. Iv\u00e1n Couto Gonz\u00e1lez","date":"24 abril, 2017","format":false,"excerpt":"Dr. Iv\u00e1n Couto Gonz\u00e1lez Provincias de actuaci\u00f3n : La Coru\u00f1a Correo Electr\u00f3nico\u00a0:\u00a0ivan.couto.gonzalez@sergas.es P\u00e1gina Web :\u00a0www.cirugiaplasticasantiago.com Tel\u00e9fono Profesional :\u00a098951828 Direcci\u00f3n de la consulta\/s\u00a0: \u00a0Servicio de Cirug\u00eda Pl\u00e1stica y Reparadora , Hospital de Conxo\u00a0-\u00a0Complexo Hospitalario Universitario de Santiago de Compostela , Calle\u00a0Ram\u00f3n Baltar S\/N - 15706 Santiago de Compostela (A Coru\u00f1a) Breve\u2026","rel":"","context":"Entrada similar","img":{"alt_text":"","src":"https:\/\/i0.wp.com\/cirugiaplasticagallega.es\/portal\/wp-content\/uploads\/2017\/03\/Localiza-tu-medico.jpg?resize=350%2C200","width":350,"height":200},"classes":[]}],"jetpack_likes_enabled":true,"_links":{"self":[{"href":"http:\/\/cirugiaplasticagallega.es\/portal\/wp-json\/wp\/v2\/pages\/1523"}],"collection":[{"href":"http:\/\/cirugiaplasticagallega.es\/portal\/wp-json\/wp\/v2\/pages"}],"about":[{"href":"http:\/\/cirugiaplasticagallega.es\/portal\/wp-json\/wp\/v2\/types\/page"}],"author":[{"embeddable":true,"href":"http:\/\/cirugiaplasticagallega.es\/portal\/wp-json\/wp\/v2\/users\/1"}],"replies":[{"embeddable":true,"href":"http:\/\/cirugiaplasticagallega.es\/portal\/wp-json\/wp\/v2\/comments?post=1523"}],"version-history":[{"count":5,"href":"http:\/\/cirugiaplasticagallega.es\/portal\/wp-json\/wp\/v2\/pages\/1523\/revisions"}],"predecessor-version":[{"id":1927,"href":"http:\/\/cirugiaplasticagallega.es\/portal\/wp-json\/wp\/v2\/pages\/1523\/revisions\/1927"}],"wp:featuredmedia":[{"embeddable":true,"href":"http:\/\/cirugiaplasticagallega.es\/portal\/wp-json\/wp\/v2\/media\/1882"}],"wp:attachment":[{"href":"http:\/\/cirugiaplasticagallega.es\/portal\/wp-json\/wp\/v2\/media?parent=1523"}],"curies":[{"name":"wp","href":"https:\/\/api.w.org\/{rel}","templated":true}]}}